is divided by x?
20
Suppose 80 + 460 = 5*f. Let n(i) = i**3 - 9*i**2 - 6*i - 165. What is the remainder when f is divided by n(11)?
9
Let m(l) = 139*l + 2*l**2 - 133*l + 28 + 3*l**2. What is the remainder when m(-4) is divided by 1/(-4)*-17*4?
16
Let t = -61 + 71. Calculate the remainder when 38 is divided by t.
8
Let d = 127 - 74. Suppose -3*l - 15 = -2*n + 7, -l + 55 = 5*n. What is the remainder when d is divided by n?
9
Let w be 2 - 6/(-3) - (-4 - -5). Suppose 0 = -s + 3*c + 5 + 4, -45 = -3*s + w*c. Calculate the remainder when 68 is divided by s.
14
Suppose 5*f - 25 = 2*p + 41, -21 = -3*f - 5*p. Suppose 0 = 4*g - 55 - 73. Calculate the remainder when g is divided by f.
8
Suppose -3*q - 6 = 2*a, 0 = -4*a - q - 4*q - 8. Suppose -51*t + 94 = -4*t. Calculate the remainder when a is divided by t.
1
Let u = 281 - 234. Calculate the remainder when 125 is divided by u.
31
Let i = 2 + -2. Suppose r + 6*r - 189 = i. What is the remainder when r is divided by 14?
13
Suppose -2*f - 84 - 44 = 0. Let g = -45 - f. Suppose -4*h + 32 + g = 3*q, -57 = -4*h - q. What is the remainder when 43 is divided by h?
13
Suppose 941 = 26*k - 73. Calculate the remainder when 1480 is divided by k.
37
Let w be (-1 + 53)*(-1 + (-1 - -1)). Let x = -30 - w. Calculate the remainder when 40 is divided by x.
18
What is the remainder when (-30 - -33)*(-32)/(-6) is divided by 7?
2
Suppose 4*o + 2*p = 6*p + 28, 3*o = 4*p + 22. What is the remainder when 2*(4 + o/(-4)) is divided by 4?
1
Suppose -88*g = -39*g - 6419. Calculate the remainder when g is divided by 34.
29
Let u be ((-7)/14)/(1/(-8)). Suppose 0 = -2*s - 5*k + 19, u*s = 4*k + 37 + 15. Calculate the remainder when 23 is divided by s.
11
Let g = 27 - 23. Suppose -2*r - 8 = -3*m, -3*r + 4 = -g*m - 4*r. Calculate the remainder when 91 is divided by (20 - -2) + (m - -1).
22
Let z = -923 - -1558. Suppose -4*m - 4*o - o = -508, z = 5*m + 5*o. What is the remainder when m is divided by 22?
17
Let l be (-178)/(-12) - (-1)/6. Suppose 9*p - 10*p = -l. What is the remainder when 42 is divided by p?
12
Let z = 3 + 1. Let r(l) = -2*l - 10. Let j be r(-11). Suppose -3*k + k + j = 0. Calculate the remainder when k is divided by z.
2
Let k = -60 + 106. Suppose 5*d - 2*d - 2*l - 128 = 0, d - k = -l. Calculate the remainder when d is divided by 23.
21
Let f = -56 + 109. Let r = -28 + f. Calculate the remainder when r is divided by 10.
5
Suppose -3*n - 54 = -204. What is the remainder when n is divided by 9?
5
Let j(z) = -3*z - 11. Let q(x) = -4*x - 11. Let b(t) = 5*j(t) - 4*q(t). Let c be b(9). Let s(k) = k**2 + 2. Calculate the remainder when s(c) is divided by 4.
2
Let d(o) = 3 + 65*o - 18 - 71*o. Calculate the remainder when 103 is divided by d(-7).
22
Let w(i) = i**2 + 4*i + 117. Let q be w(0). Let y = -51 + q. Calculate the remainder when y is divided by 14.
10
Let f(r) = 346*r**2 - 40*r - 40. What is the remainder when f(-1) is divided by 25?
21
Let k(n) = 2*n**3 - 13*n**2 + 19*n - 7. What is the remainder when k(6) is divided by (-114)/(-3) - (0 + 1)?
34
Suppose -4*y - 3*h + 20 = 0, -y - 3*y - 12 = -5*h. Calculate the remainder when 42 is divided by (192/(-6))/(2*(1 - y)).
10
Suppose 4*x = 2*f + 5*x - 51, 4*x = -12. What is the remainder when 107 is divided by f?
26
Calculate the remainder when (-6)/2*116/(-12) is divided by 3/6 + 77/14.
5
Suppose -4*a - 4*t = -320, -10 = 2*a + 4*t - 162. Suppose -3*x - 5*d = -74, x + 3*x = -3*d + a. What is the remainder when x is divided by 4?
2
Suppose 514*u = 520*u - 1020. Calculate the remainder when u is divided by (6/4)/((-3)/(-114)).
56
Suppose z - 5*o + 15 = 2, -12 = -4*o. Suppose -d - d + 186 = z*c, -4*d + 4 = 0. Calculate the remainder when c is divided by 31.
30
Let m(l) be the first derivative of 3*l**2 - 8*l + 3. Suppose -3*n + 42 = -n. Calculate the remainder when m(8) is divided by n.
19
Let x(n) = n**3 - n**2 + 2*n + 23. Let a = 31 + -18. Suppose a = 3*t - 2*t. Calculate the remainder when x(0) is divided by t.
10
Let k be 7 + (-6)/(-2) + -4. Suppose 3*y + 4*x = k*x + 14, -2*x - 18 = -5*y. Suppose y*p - 12 = 10. What is the remainder when 31 is divided by p?
9
Let i(o) = -14*o - 8. Let f = -33 - -30. Calculate the remainder when i(f) is divided by 25.
9
Let u(g) = -g + 12. Suppose -r - 4 = -10. What is the remainder when u(r) is divided by 4?
2
Let o = 33 - 49. Suppose 0 = 3*r - 4*w + 100, -6*w + 158 = -5*r - 8*w. Let j = o - r. What is the remainder when 45 is divided by j?
13
Suppose 0 = -5*p + 3*g + 160, 13 = 4*g - 7. Suppose 13 = 27*t - 287 - 51. Calculate the remainder when p is divided by t.
9
Let q = 22 + 1. Suppose p - 19 = -2*p - z, 4*p - 3*z = 47. What is the remainder when q is divided by p?
7
Suppose 10*s - 5*s - 115 = 0. Suppose 0 = -l - 4*l + 75. Calculate the remainder when s is divided by (-40)/l*(-2 + -1).
7
Let q(g) = 5*g**2 + 22*g - 40. Let u(l) = -3*l**2 - 11*l + 20. Let v(j) = -4*q(j) - 7*u(j). What is the remainder when 11 is divided by v(2)?
1
Let u(q) = q + 73. What is the remainder when 115 is divided by u(-35)?
1
Let r be 2/(-6)*(10 - 13). What is the remainder when (5 - 3) + 29 + r is divided by 7?
4
Suppose -20*k = -13*k - 35. What is the remainder when (-3 + 12 - k) + 67*1 is divided by 24?
23
Suppose 2158 = 5*g + 2*a, -6*a = -5*a + 1. Calculate the remainder when g is divided by 151.
130
Let j = 50 - 38. Suppose 4*d - j = 28. Suppose 3*a - 82 = -2*p, 3*a + 2*p = -2*a + 138. Calculate the remainder when a is divided by d.
8
What is the remainder when 12 is divided by ((-3)/(21/(-20)))/(14/49)?
2
Let s(q) = 2*q + 29. Calculate the remainder when 63 is divided by s(-9).
8
Let w be 4/(-6) + 1362/18. Suppose -w - 53 = -4*r. Let i = 11 - -1. Calculate the remainder when r is divided by i.
8
Suppose 0 = 4*q + 278 + 26. Let g = q - -117. What is the remainder when g is divided by 22?
19
Suppose 952 = -4*z + 21*z. Suppose -r = r - 30. What is the remainder when z is divided by r?
11
Suppose 246 = 3*s + 4*b, s - 69 = -50*b + 53*b. What is the remainder when s is divided by 37?
4
Let n(w) = w**3 - 10*w**2 - 9*w - 10. Suppose -4*f + 51 = -29. What is the remainder when f is divided by n(11)?
8
Let p(s) = s**2 - 24*s + 8. What is the remainder when p(26) is divided by 32?
28
Let o(m) = -m**3 - 8*m**2 + 5*m - 4. What is the remainder when o(-9) is divided by 3?
2
Let y = 46 - 30. Calculate the remainder when (-3)/(-18) + (-1095)/(-18) is divided by y.
13
Suppose 2*b = -6, 379 = j - 122*b + 120*b. What is the remainder when j is divided by 49?
30
Let c be (-3)/(-4 - 59/(-14)). Calculate the remainder when 39 is divided by (1 - 18/14) + (-284)/c.
19
Let l = -6 + 8. Suppose -3*t = -5*k + 30 - 113, -l*t + 49 = 3*k. Suppose -23 = -4*g + 5. Calculate the remainder when t is divided by g.
5
What is the remainder when 91 is divided by 568/12 + (-10)/(-15)?
43
Suppose 220 = 8*p - 3*p. Let y = 670 + -539. Calculate the remainder when y is divided by p.
43
Suppose 4*c = -20, 3*c + 7 = -x + c. Calculate the remainder when x is divided by -1 - 2 - -10*(-1)/(-2).
1
Let d(k) = 2*k**2 + 6*k - 4. Let b be (0 - 1)/((-3)/147). Suppose 5*i = l - 45 + 135, -2*i + 3*l = -b. Calculate the remainder when d(-6) is divided by i.
15
Suppose 0*d - 2*d + 16 = -5*f, -d + 3 = 0. What is the remainder when (50/56)/((-48)/(-768)) - (-6)/(-21) is divided by (-2 + 2 - f) + 6?
6
Let q be 8/7*(-84)/(-24)*2. Let c = 15 - 9. Let n = c + q. What is the remainder when 40 is divided by n?
12
Suppose -3*d + 0*d = 0. Suppose 2*m - 3*m + 1 = d. Suppose 2 - m = s. Calculate the remainder when 3 is divided by s.
0
Suppose 2*x - 4*x + 234 = 0. Calculate the remainder when x is divided by 43.
31
Suppose -69 = -4*t + 35. Let d = t + 0. What is the remainder when d is divided by 16?
10
Let r be 27 + 5/(15/9). Let g = -13 + r. Calculate the remainder when g is divided by 5.
2
Suppose -4*q + 5*d + 156 = 0, -3*q + 0*d + 2*d = -110. Suppose 93 = q*w - 31*w. Calculate the remainder when w is divided by 9.
4
Calculate the remainder when 210 is divided by 1*-20*522/(-145).
66
Suppose 56*j - 2112 = 32*j. Calculate the remainder when j is divided by 36.
16
Let p(g) = g**2 + 7*g + 7. Let n be p(-6). What is the remainder when (-246)/(-8) + 1 + (-6)/8 is divided by 3*5 - (-2)/n?
14
Let j(u) = -u - 3. Let h be j(-3). Suppo